alculate the remainder when 7623 is divided by 61.
59
Calculate the remainder when 719 is divided by 43.
31
What is the remainder when 672 is divided by 25?
22
What is the remainder when 122 is divided by 29?
6
What is the remainder when 565 is divided by 27?
25
Calculate the remainder when 26037 is divided by 62.
59
What is the remainder when 677 is divided by 175?
152
Calculate the remainder when 49 is divided by 17.
15
What is the remainder when 668 is divided by 218?
14
Calculate the remainder when 54747 is divided by 219.
216
What is the remainder when 137 is divided by 55?
27
Calculate the remainder when 132 is divided by 60.
12
What is the remainder when 87 is divided by 11?
10
Calculate the remainder when 106 is divided by 24.
10
Calculate the remainder when 5533 is divided by 4.
1
What is the remainder when 415 is divided by 251?
164
What is the remainder when 265 is divided by 117?
31
Calculate the remainder when 6 is divided by 1.
0
What is the remainder when 1462 is divided by 19?
18
Calculate the remainder when 3399 is divided by 54.
51
What is the remainder when 49 is divided by 2?
1
What is the remainder when 3878 is divided by 72?
62
Calculate the remainder when 91 is divided by 63.
28
What is the remainder when 60 is divided by 23?
14
What is the remainder when 441 is divided by 87?
6
What is the remainder when 937 is divided by 149?
43
Calculate the remainder when 1101 is divided by 58.
57
Calculate the remainder when 144 is divided by 102.
42
Calculate the remainder when 8829 is divided by 184.
181
Calculate the remainder when 617 is divided by 10.
7
What is the remainder when 263 is divided by 19?
16
What is the remainder when 119 is divided by 42?
35
Calculate the remainder when 10918 is divided by 6.
4
What is the remainder when 36 is divided by 10?
6
What is the remainder when 18647 is divided by 222?
221
Calculate the remainder when 133 is divided by 75.
58
Calculate the remainder when 40 is divided by 12.
4
What is the remainder when 692 is divided by 21?
20
Calculate the remainder when 296 is divided by 10.
6
Calculate the remainder when 6268 is divided by 112.
108
What is the remainder when 119 is divided by 29?
3
Calculate the remainder when 621 is divided by 7.
5
What is the remainder when 140 is divided by 16?
12
What is the remainder when 581 is divided by 65?
61
What is the remainder when 560 is divided by 51?
50
What is the remainder when 309 is divided by 45?
39
Calculate the remainder when 371 is divided by 22.
19
Calculate the remainder when 91 is divided by 46.
45
Calculate the remainder when 2207 is divided by 34.
31
Calculate the remainder when 241 is divided by 73.
22
Calculate the remainder when 2090 is divided by 23.
20
What is the remainder when 357 is divided by 90?
87
Calculate the remainder when 855 is divided by 425.
5
What is the remainder when 111 is divided by 4?
3
What is the remainder when 32 is divided by 32?
0
Calculate the remainder when 363 is divided by 117.
12
Calculate the remainder when 472 is divided by 79.
77
Calculate the remainder when 23084 is divided by 16.
12
Calculate the remainder when 1057 is divided by 76.
69
Calculate the remainder when 45 is divided by 23.
22
What is the remainder when 636 is divided by 25?
11
Calculate the remainder when 524 is divided by 48.
44
What is the remainder when 179 is divided by 10?
9
Calculate the remainder when 19 is divided by 3.
1
What is the remainder when 283 is divided by 71?
70
What is the remainder when 132 is divided by 37?
21
What is the remainder when 749 is divided by 100?
49
What is the remainder when 118 is divided by 26?
14
Calculate the remainder when 1007 is divided by 171.
152
What is the remainder when 1951 is divided by 323?
13
Calculate the remainder when 144 is divided by 48.
0
What is the remainder when 409 is divided by 18?
13
Calculate the remainder when 90 is divided by 25.
15
Calculate the remainder when 109 is divided by 50.
9
Calculate the remainder when 9007 is divided by 34.
31
What is the remainder when 293 is divided by 48?
5
What is the remainder when 124 is divided by 18?
16
Calculate the remainder when 303 is divided by 86.
45
Calculate the remainder when 81 is divided by 1.
0
Calculate the remainder when 443 is divided by 14.
9
Calculate the remainder when 2273 is divided by 228.
221
What is the remainder when 70 is divided by 18?
16
Calculate the remainder when 547 is divided by 266.
15
Calculate the remainder when 1246 is divided by 78.
76
Calculate the remainder when 3184 is divided by 139.
126
What is the remainder when 231 is divided by 22?
11
Calculate the remainder when 1274 is divided by 158.
10
Calculate the remainder when 992 is divided by 14.
12
What is the remainder when 211 is divided by 17?
7
What is the remainder when 724 is divided by 25?
24
Calculate the remainder when 4017 is divided by 1332.
21
Calculate the remainder when 58 is divided by 18.
4
What is the remainder when 929 is divided by 175?
54
What is the remainder when 3703 is divided by 4?
3
What is the remainder when 613 is divided by 609?
4
What is the remainder when 536 is divided by 524?
12
Calculate the remainder when 716 is divided by 134.
46
What is the remainder when 33 is divided by 27?
6
Calculate the remainder when 2435 is divided by 242.
15
Calculate the remainder when 241 is divided by 28.
17
Calculate the remainder when 176 is divided by 59.
58
What is the remainder when 235 is divided by 73?
16
Calculate the remainder when 166 is divided by 44.
34
What is the remainder when 80 is divided by 25?
5
What is the remainder when 85 is divided by 3?
1
Calculate the remainder when 911 is divided by 343.
225
What is the remainder when 65 is divided by 27?
11
Calculate the remainder when 246 is divided by 36.
30
What is the remainder when 3067 is divided by 10?
7
What is the remainder when 66 is divided by 5?
1
What is the remainder when 102 is divided by 19?
7
Calculate the remainder when 733 is divided by 67.
63
What is the remainder when 247 is divided by 33?
16
What is the remainder when 44 is divided by 8?
4
Calculate the remainder when 9 is divided by 3.
0
What is the remainder when 268 is divided by 46?
38
What is the remainder when 26937 is divided by 60?
57
What is the remainder when 3164 is divided by 316?
4
Calculate the remainder when 5368 is divided by 41.
38
Calculate the remainder when 858 is divided by 229.
171
What is the remainder when 117 is divided by 30?
27
What is the remainder when 6340 is divided by 39?
22
Calculate the remainder when 423 is divided by 410.
13
Calculate the remainder when 183 is divided by 4.
3
What is the remainder when 795 is divided by 19?
16
What is the remainder when 11215 is divided by 37?
4
What is the remainder when 454 is divided by 86?
24
What is the remainder when 94 is divided by 38?
18
Calculate the remainder when 154 is divided by 151.
3
Calculate the remainder when 3263 is divided by 46.
43
What is the remainder when 308 is divided by 26?
22
What is the remainder when 45671 is divided by 19?
14
Calculate the remainder when 213 is divided by 29.
10
Calculate the remainder when 734 is divided by 58.
38
Calculate the remainder when 932 is divided by 55.
52
Calculate the remainder when 3469 is divided by 62.
59
Calculate the remainder when 1085 is divided by 8.
5
Calculate the remainder when 115 is divided by 7.
3
What is the remainder when 7238 is divided by 40?
38
What is the remainder when 312 is divided by 21?
18
What is the remainder when 124 is divided by 14?
12
Calculate the remainder when 388 is divided by 17.
14
Calculate the remainder when 45 is divided by 31.
14
Calculate the remainder when 5040 is divided by 194.
190
What is the remainder when 84 is divided by 83?
1
Calculate the remainder when 435 is divided by 38.
17
Calculate the remainder when 44 is divided by 15.
14
What is the remainder when 67 is divided by 14?
11
Calculate the remainder when 385 is divided by 36.
25
Calculate the remainder when 679 is divided by 98.
91
Calculate the remainder when 276 is divided by 63.
24
Calculate the remainder when 4948 is divided by 150.
148
What is the remainder when 1070 is divided by 16?
14
What is the remainder when 254 is divided by 66?
56
Calculate the remain